thousands digit of 19247?
1
What is the hundreds digit of 251?
2
What is the ten thousands digit of 54232?
5
What is the tens digit of 32366?
6
What is the units digit of 11991?
1
What is the hundreds digit of 10105?
1
What is the tens digit of 1611?
1
What is the thousands digit of 5744?
5
What is the units digit of 9528?
8
What is the tens digit of 431?
3
What is the units digit of 16265?
5
What is the hundreds digit of 1437?
4
What is the hundreds digit of 54125?
1
What is the thousands digit of 5836?
5
What is the hundreds digit of 2666?
6
What is the tens digit of 3344?
4
What is the units digit of 5469?
9
What is the tens digit of 14131?
3
What is the units digit of 3229?
9
What is the hundreds digit of 59037?
0
What is the tens digit of 371?
7
What is the hundreds digit of 657?
6
What is the thousands digit of 42462?
2
What is the tens digit of 2118?
1
What is the hundreds digit of 5154?
1
What is the thousands digit of 10633?
0
What is the thousands digit of 5771?
5
What is the hundreds digit of 3969?
9
What is the hundreds digit of 1468?
4
What is the thousands digit of 6236?
6
What is the tens digit of 3665?
6
What is the hundreds digit of 2976?
9
What is the tens digit of 4575?
7
What is the units digit of 4889?
9
What is the hundreds digit of 1170?
1
What is the units digit of 356?
6
What is the hundreds digit of 18474?
4
What is the ten thousands digit of 19408?
1
What is the units digit of 3640?
0
What is the units digit of 91710?
0
What is the tens digit of 688?
8
What is the units digit of 7382?
2
What is the thousands digit of 2162?
2
What is the hundreds digit of 925?
9
What is the thousands digit of 27791?
7
What is the ten thousands digit of 15685?
1
What is the hundreds digit of 13759?
7
What is the hundreds digit of 2009?
0
What is the tens digit of 1246?
4
What is the units digit of 42144?
4
What is the units digit of 76219?
9
What is the thousands digit of 41715?
1
What is the thousands digit of 2172?
2
What is the thousands digit of 1869?
1
What is the hundreds digit of 145?
1
What is the units digit of 1366?
6
What is the units digit of 6215?
5
What is the hundreds digit of 18379?
3
What is the tens digit of 422?
2
What is the thousands digit of 8180?
8
What is the tens digit of 3858?
5
What is the hundreds digit of 5142?
1
What is the hundreds digit of 2558?
5
What is the hundreds digit of 32240?
2
What is the tens digit of 15493?
9
What is the tens digit of 225?
2
What is the tens digit of 738?
3
What is the hundreds digit of 1013?
0
What is the hundreds digit of 31046?
0
What is the tens digit of 47?
4
What is the units digit of 5921?
1
What is the units digit of 1327?
7
What is the thousands digit of 10436?
0
What is the hundreds digit of 2128?
1
What is the hundreds digit of 491?
4
What is the units digit of 1655?
5
What is the ten thousands digit of 19901?
1
What is the tens digit of 9541?
4
What is the units digit of 4333?
3
What is the ten thousands digit of 27982?
2
What is the ten thousands digit of 16217?
1
What is the thousands digit of 5217?
5
What is the units digit of 93885?
5
What is the tens digit of 111?
1
What is the thousands digit of 75337?
5
What is the units digit of 1657?
7
What is the hundreds digit of 7568?
5
What is the hundreds digit of 10915?
9
What is the tens digit of 1664?
6
What is the hundreds digit of 10790?
7
What is the thousands digit of 12572?
2
What is the thousands digit of 7446?
7
What is the units digit of 19153?
3
What is the tens digit of 4543?
4
What is the thousands digit of 5233?
5
What is the tens digit of 348?
4
What is the hundreds digit of 1440?
4
What is the tens digit of 82030?
3
What is the hundreds digit of 21323?
3
What is the hundreds digit of 76576?
5
What is the units digit of 198?
8
What is the hundreds digit of 6446?
4
What is the tens digit of 808?
0
What is the hundreds digit of 5474?
4
What is the tens digit of 53815?
1
What is the thousands digit of 13653?
3
What is the units digit of 8980?
0
What is the units digit of 6695?
5
What is the tens digit of 608?
0
What is the thousands digit of 4557?
4
What is the hundreds digit of 2531?
5
What is the hundreds digit of 191?
1
What is the units digit of 5278?
8
What is the tens digit of 111?
1
What is the tens digit of 22550?
5
What is the ten thousands digit of 43962?
4
What is the tens digit of 1855?
5
What is the hundreds digit of 73970?
9
What is the tens digit of 176238?
3
What is the tens digit of 3179?
7
What is the ten thousands digit of 27544?
2
What is the tens digit of 16539?
3
What is the tens digit of 524?
2
What is the ten thousands digit of 14152?
1
What is the ten thousands digit of 31528?
3
What is the hundreds digit of 6472?
4
What is the hundred thousands digit of 174668?
1
What is the thousands digit of 1164?
1
What is the thousands digit of 3493?
3
What is the units digit of 24768?
8
What is the units digit of 1850?
0
What is the thousands digit of 5678?
5
What is the hundreds digit of 34810?
8
What is the tens digit of 2589?
8
What is the tens digit of 6515?
1
What is the hundreds digit of 29279?
2
What is the hundreds digit of 2255?
2
What is the tens digit of 962?
6
What is the hundreds digit of 880?
8
What is the tens digit of 4818?
1
What is the thousands digit of 64684?
4
What is the units digit of 2972?
2
What is the hundreds digit of 92951?
9
What is the ten thousands digit of 12592?
1
What is the units digit of 15783?
3
What is the units digit of 17699?
9
What is the hundreds digit of 5037?
0
What is the tens digit of 142871?
7
What is the units digit of 22134?
4
What is the tens digit of 1019?
1
What is the hundreds digit of 498?
4
What is the hundreds digit of 8894?
8
What is the tens digit of 4108?
0
What is the hundreds digit of 280?
2
What is the hundred thousands digit of 119649?
1
What is the units digit of 4211?
1
What is the thousands digit of 35134?
5
What is the thousands digit of 32307?
2
What is the thousands digit of 7341?
7
What is the ten thousands digit of 18034?
1
What is the units digit of 557?
7
What is the hundreds digit of 2745?
7
What is the units digit of 15909?
9
What is the tens digit of 750?
5
What is the units digit of 1707?
7
What is the thousands digit of 4503?
4
What is the hundreds digit of 3848?
8
What is the thousands digit of 3726?
3
What is the hundreds digit of 1200?
2
What is the tens digit of 61707?
0
What is the tens digit of 2489?
8
What is the thousands digit of 18781?
8
What is the units digit of 14961?
1
What is the thousands digit of 18921?
8
What is the units digit of 569?
9
What is the hundreds digit of 2146?
1
What is the thousands digit of 1580?
1
What is the thousands digit of 26179?
6
What is the hundreds digit of 2673?
6
What is the thousands digit of 18640?
8
What is the units digit of 26862?
2
What is the thousands digit of 99923?
9
What is the ten thousands digit of 11631?
1
What is the hundreds digit of 168?
1
What is the ten thousands digit of 117244?
1
What is the tens digit of 140219?
1
What is the units digit of 2512?
2
What is the tens digit of 22951?
5
What is the units digit of 275?
5
What is the tens digit of 232?
3
What is the units digit of 4799?
9
What is the ten thousands digit of 11190?
1
What is the units digit of 7359?
9
What is the thousands digit of 1912?
1
What is the tens digit of 9560?
6
What is the thousands digit of 74730?
4
What is the tens digit of 1507?
0
What is the tens digit of 411?
1
What is the tens digit of 68624?
2
What is the tens digit of 360?
6
What is the thousands digit of 10236?
0
What is the tens digit of 9629?
2
What is the tens digit of 24773?
7
What is the units digit of 2999?
9
What is the hundreds digit of 119157?
1
What is the hundreds digit of 29229?
2
What is the units digit of 3161?
1
What is the thousands digit of 2751?
2
What is the thousands digit of 1125?
1
What is the tens digit of 787?
8
What is the hundreds digit of 101223?
2
What is the thousands digit of 9036?
9
What is the tens digit of 92?
9
What is the tens digit of 3404?
0
What is the tens digit of 10906?
0
What is the tens digit of 7159?
5
What is the units digit of 862?
2
What is the tens digit of 2424?
2
What is the hundreds digit of 86851?
8
What is the thousands digit of 10503?
0
What is the units digit o